631 = 0. Let h = 226 - 99. Suppose 2*p = -h + d. What is the remainder when p is divided by 33?
32
Let q(h) = -400*h - 350. Calculate the remainder when q(-1) is divided by 31.
19
Let b = 254 + -201. Let q(u) = u**2 - 5*u - 2. Let d be q(4). Let z(y) = -y**3 - 5*y**2 + 2*y - 13. What is the remainder when b is divided by z(d)?
9
Let h(o) = -2*o**2 + 10*o + 12. Let c be h(5). Suppose 10*n + 64 = c*n. What is the remainder when 63 is divided by n?
31
Suppose 4*h + 132 = 560. Let b(k) = -k**3 + 9*k**2 + 3*k - 15. Let y = -132 + 141. What is the remainder when h is divided by b(y)?
11
Let z = 31 + 97. Suppose 5*f - 2*f + z = 5*w, 4*f - 3*w + 178 = 0. What is the remainder when 5 is divided by f/(-10) - 4/(-10)?
0
Suppose 60*y + 23809 + 4688 = 237*y. What is the remainder when 333 is divided by y?
11
Suppose -79 + 255 = -2*i. What is the remainder when 41 is divided by (-2079)/i + -10 - 3/(-8)?
13
Suppose 753 + 256 = 15*d - 11. Calculate the remainder when 393 is divided by d.
53
Suppose -112 = -13*u + 96. Suppose 6*b - 26 - u = 0. Suppose 0 = i - 3*i + 34. Calculate the remainder when i is divided by b.
3
Let t(i) = 4*i**2 + 5*i + 3. Let u(o) = 99*o**2 - 4*o - 9. Let k be u(-2). Let h = 402 - k. What is the remainder when t(-4) is divided by h?
5
Suppose -37*q - 67 = -696. Suppose -q*j + 774 = j. What is the remainder when j is divided by 15?
13
Suppose -2*w + 0*w - n = -6, 0 = w - 5*n - 25. Let g = 1409 - 1382. Calculate the remainder when g is divided by w.
2
Let a = 405 + -249. Let l = a + -24. Calculate the remainder when l is divided by ((1512/4)/(-7))/(-2).
24
Let q(m) = -26*m**3 + 3*m**2 - 6*m - 11. Suppose 0 = -6*k + 37 + 455. Calculate the remainder when q(-3) is divided by k.
80
Let q(t) = -15*t + 151. Let s be q(9). Suppose 2*p - 42 = -4*v + s, 3*p = -2*v + 95. Calculate the remainder when p is divided by 12.
9
Let m(j) = 3*j**2 - 5*j - 22. Let y be (-3 + ((-72)/(-20) - 2))*-5. What is the remainder when m(y) is divided by 13?
12
Suppose -3*n + 690 = 2*p, 5*p - 3*n - 591 = 1155. Calculate the remainder when p is divided by 31.
7
Let p = -3280 + 5068. What is the remainder when p is divided by 198?
6
Let k = -43 + 91. Let q(y) = -y**2 + 16*y + 30. Let g be q(18). Let c(s) = 11*s + 83. Calculate the remainder when k is divided by c(g).
14
Let t be 273/7*(-1 + 8). Suppose -117 = -15*l + t. What is the remainder when 311 is divided by l?
25
Suppose 0 = -16*o + 99 + 129 - 68. Calculate the remainder when 1307 is divided by o.
7
Let b be (-2 + 3 + -2)*-2. Suppose -2*u = 2 - 0, 5*l = b*u + 32. What is the remainder when (15 - 16)*(-9 - -1) is divided by l?
2
Suppose -5*f - 34*f + 22644 = -3*f. Calculate the remainder when f is divided by 14.
13
Let z = -31890 - -31908. Suppose -u - 2*u + 12 = 0. What is the remainder when z is divided by u?
2
Let j(t) = t**3 + 5*t**2 + 5*t + 4. Let n be (-2646)/24 + 3/12. Let r = 114 + n. What is the remainder when j(-3) is divided by r?
3
Let v(k) = k**2 + 94*k - 5997. Calculate the remainder when 2249 is divided by v(44).
74
Let i(q) = -4*q - 21. Let b be i(-6). Suppose -s = 4*x + b - 12, -2*x + 2*s = -2. Suppose 0 = y - x*y + 16. Calculate the remainder when y is divided by 9.
7
Let t = 162488 + -162433. Calculate the remainder when (-405)/6*(-24)/10 is divided by t.
52
Let c(u) = -3*u**2 - 3*u. Let q = 42 - 45. Let r be c(q). Calculate the remainder when 45 is divided by (-282)/r + 2/12*2.
13
What is the remainder when (858/44)/((-12)/(-8) - 1) is divided by 35?
4
Suppose 0 = -14*r + 1656 + 206. Let p = -116 + r. What is the remainder when 67 is divided by p?
16
Suppose 0 = -5*q - 39 - 61. Let x = -5587 + 5596. What is the remainder when (-20)/1*32/q is divided by x?
5
Suppose 38*r = 45*r - 679. Suppose -1564 = -4*f - 2*p, r*f = 96*f + p + 394. What is the remainder when f is divided by 100?
92
Suppose 49*n + 2391 - 14445 = 0. Let p = -136 + 144. Calculate the remainder when n is divided by p.
6
Suppose -4 = -o - 2*x, 3*o - 3*x = -6 - 0. Suppose -40*m - 1072 + 7712 = o. Calculate the remainder when m is divided by 8.
6
Let c = -14 - -31. Let s = 28 - c. Let d = 22 - s. Calculate the remainder when 30 is divided by d.
8
Let w(b) = 103*b**2 - 3*b - 2. Let r be w(-2). Let a = 278 - r. Let d = a + 195. What is the remainder when d is divided by 15?
12
What is the remainder when 258664/52 - (-9)/((-819)/28) is divided by 199?
198
Let b be (-118)/(-14) - (-44)/77. Let t be -2*4/12 - (-42)/b. Suppose 3*h + 29 = 5*g, 3 = t*g - 3*h - 19. Calculate the remainder when 25 is divided by g.
4
Calculate the remainder when 7 + -2 - (2/(-4))/(10/75480) is divided by 90.
89
Suppose -4*b - 4*d + 17 = 1, 3*b = -2*d + 15. Suppose -b*y - 132 = -10*y. Let i(f) = -4*f - 19. What is the remainder when y is divided by i(-6)?
4
Let b be ((-15)/(-20))/((-3)/(-8)). Let r(g) = -g**b + 0 + 20*g**2 - 1 - g. What is the remainder when 27 is divided by r(1)?
10
Suppose 11395 = -1033*c + 1086*c. Let y be (-5 + 3)*(-6)/4. Suppose -y*q = -0*q - 36. What is the remainder when c is divided by q?
11
Let l(h) = -h**2 - 8*h - 3. Calculate the remainder when ((-1)/((-36)/1284))/((-20)/(-60)) is divided by l(-3).
11
Let p(u) = 126*u + 419. What is the remainder when p(-2) is divided by 36?
23
Let t be (-2)/6*(0 - -3). Suppose 838*d - 48 = 851*d - 165. What is the remainder when d is divided by (-2 + -3 - t)*-1?
1
Let b(c) = 2*c**3 + 13*c**2 + 2*c - 15. Let z be b(-6). Suppose -3*g = -z - 21. Calculate the remainder when 42 is divided by g.
2
Suppose 0 = 3*r - 361*j + 362*j - 2349, -5*j + 30 = 0. What is the remainder when r is divided by 27?
25
Let o(j) = 10*j**2 + j**3 - 13*j**2 + 7*j + 11*j**2 - 4. Calculate the remainder when ((75/(-6))/(-25))/(((-6)/(-412))/3) is divided by o(-6).
25
Let x(u) = -17 - 21*u**2 - 10*u - 26*u**2 + 36*u**2 - 3*u. Let w be x(-6). Let f = 479 + w. What is the remainder when f is divided by 29?
28
Calculate the remainder when 9505 is divided by -98*(-30)/(-12)*(-10)/25.
97
Suppose -3*j = 0, -j = 2*b - 2*j - 8. Suppose -300 = -4*g + 4*z, 2*z + z = -b*g + 286. What is the remainder when g is divided by 27?
19
What is the remainder when 248 is divided by (1113/14)/(75/100)?
36
Let m(n) = -3240*n - 9542. Calculate the remainder when 860 is divided by m(-3).
148
Let g(q) = -10*q + 60. What is the remainder when 300 is divided by g(-4)?
0
Suppose -831 = -9*x + 2661. What is the remainder when x is divided by 99?
91
Suppose -2*s - 2*m + 56 = 0, 96 = 3*s - 5*m - 20. Suppose -s*a + 12292 = 2084. Calculate the remainder when a is divided by 16.
15
Suppose 0 = -5*m + 77 + 178. Let g = -1483 - -1500. What is the remainder when m is divided by g?
0
Suppose 3*m - 463 = y, -1458 + 382 = -7*m - 2*y. What is the remainder when m is divided by 94?
60
Let g(s) = s + 12. Let o(l) = -l**2 + 8*l - 3. Let n be o(7). Suppose 0 = -n*h + 189 + 11. Calculate the remainder when h is divided by g(5).
16
Let q = -415 + 423. Suppose -4*y - 6 = l - 0*l, 2*l = 3*y + 43. What is the remainder when l is divided by q?
6
Let t(n) = n**2 + 91*n - 333. Calculate the remainder when t(-95) is divided by 10.
7
Let h be 1*86 + 0/(-8 - -7). Suppose -150 = -91*n + h*n. Calculate the remainder when 55 is divided by n.
25
Let d = 5453 - 5390. What is the remainder when 274 is divided by d?
22
Let q be ((-1)/3)/(-3 + (-6080)/(-2028)). Suppose -3*r = 2*v - 474, 0 = -5*r + 5*v + 646 + q. Calculate the remainder when r is divided by 23.
22
Let i = -15 - -22. Suppose i*w - 4*w - 414 = 0. Suppose 2*m + b - 144 = -2*m, -4*b + 16 = 0. What is the remainder when w is divided by m?
33
Let m(w) = 6*w**2 + 5*w + 11. What is the remainder when 347 is divided by m(-1)?
11
Suppose 277*a - 284*a + 2569 = 0. Calculate the remainder when 384 is divided by a.
17
Suppose 32*l + 819 = 53*l. Suppose l - 3 = v. What is the remainder when 47 is divided by v?
11
Let k(a) = -5*a - 21. Let d be k(-6). Suppose 0 = 3*b - y - d, -7*y + 8 = -2*b - 11*y. Suppose -b*v + 44 = 20. What is the remainder when 47 is divided by v?
11
Suppose 113 = 6*d - 61. Suppose -d = -12*c + 127. Suppose 70 = 3*q + c. Calculate the remainder when 48 is divided by q.
10
Suppose -2*k - 54*r - 10 = -48*r, -8 = r. What is the remainder when 5737 is divided by k?
18
Let r = -9630 + 9666. What is the remainder when 71 